1 - -503?
-53024
In base 5, what is 0 - 1002431?
-1002431
In base 12, what is -22 - 3046?
-3068
In base 14, what is 1d - 22c4?
-22a5
In base 4, what is -332 - 103220?
-110212
In base 7, what is -24004 - -521?
-23153
In base 15, what is aac - 6?
aa6
In base 6, what is -1 - 343221?
-343222
In base 4, what is 100211 - 113?
100032
In base 2, what is 10 - -111011111100100?
111011111100110
In base 14, what is -339 - -113?
-226
In base 13, what is -99 - 8?
-a4
In base 8, what is 57 - -274166?
274245
In base 13, what is -4 - -888b4?
888b0
In base 10, what is 1067 - -1?
1068
In base 2, what is 11001 - -10001000001?
10001011010
In base 9, what is 117130 + 1?
117131
In base 13, what is 1 - -1644?
1645
In base 2, what is -101000101000110011 + 11?
-101000101000110000
In base 9, what is 1 - 3527?
-3526
In base 13, what is 2048 + 17c?
21c7
In base 2, what is -100110000010 + -1000?
-100110001010
In base 4, what is 120210 + 232?
121102
In base 6, what is 430 - 503?
-33
In base 11, what is 0 - -74100?
74100
In base 3, what is 102112 + 11?
102200
In base 12, what is -17621 - -11?
-17610
In base 6, what is -1403 - 1334?
-3141
In base 3, what is -21022 + -201111121?
-201202220
In base 7, what is 15206 + 35?
15244
In base 14, what is -10 - 5b?
-6b
In base 8, what is -1755 + -244?
-2221
In base 12, what is 2b - -637?
666
In base 15, what is -4 + -5bb4?
-5bb8
In base 16, what is 11 - 104?
-f3
In base 15, what is -3d + 23e?
201
In base 13, what is -7 - ba?
-c4
In base 15, what is 1 + 1798?
1799
In base 7, what is -42 + -4325?
-4400
In base 10, what is 99482 - 2?
99480
In base 10, what is -4459 + -16?
-4475
In base 8, what is 352321 + 34?
352355
In base 13, what is 48a + 2?
48c
In base 13, what is -a493 + 4?
-a48c
In base 5, what is 1012042 - 14?
1012023
In base 8, what is 4457 - 520?
3737
In base 8, what is -6 + -56744?
-56752
In base 7, what is -302 + 32324?
32022
In base 6, what is 10552200 + -4?
10552152
In base 2, what is 1 + 1101100001001001001?
1101100001001001010
In base 11, what is -1823 + 1?
-1822
In base 10, what is -4 + -19347?
-19351
In base 14, what is 527 - 1b?
50a
In base 9, what is 8851 - -1?
8852
In base 6, what is -13 - 2442534?
-2442551
In base 15, what is 56ab + -2?
56a9
In base 12, what is -31 - 13211?
-13242
In base 14, what is -1aad + -3?
-1ab2
In base 5, what is 122 + -2203?
-2031
In base 5, what is 44124102 - -4?
44124111
In base 8, what is 3 + -10273?
-10270
In base 12, what is 1a67b + 2?
1a681
In base 10, what is 392897 + 4?
392901
In base 16, what is 8 - ded8?
-ded0
In base 4, what is 1221 + 121221?
123102
In base 6, what is -2351 + 33?
-2314
In base 9, what is 27578 - 0?
27578
In base 5, what is 112124 - 4133?
102441
In base 7, what is 1561054 - 4?
1561050
In base 14, what is 0 - 3319?
-3319
In base 9, what is 5030656 + 5?
5030662
In base 7, what is 26 - 630061?
-630032
In base 9, what is 13264 - -317?
13582
In base 11, what is -385261 - 0?
-385261
In base 10, what is 14802 - -111?
14913
In base 8, what is -4 - 375103?
-375107
In base 10, what is 18843 + -132?
18711
In base 10, what is -2 + 4417?
4415
In base 12, what is -4 - -1580?
1578
In base 4, what is -22 - -10112102?
10112020
In base 6, what is -10224 + -501?
-11125
In base 6, what is -12521 - 441?
-13402
In base 2, what is 100101101101 + 1110110?
100111100011
In base 5, what is 113200 - 144?
113001
In base 5, what is 243210 + -10?
243200
In base 9, what is -472201 - 5?
-472206
In base 13, what is 3c - -3c6c?
3cab
In base 16, what is 110 + b1?
1c1
In base 2, what is 1000001 + 1001001101?
1010001110
In base 10, what is 4 + -916172?
-916168
In base 12, what is 5 + -a435?
-a430
In base 3, what is 2220222 - 2110?
2211112
In base 5, what is 0 - 31100211?
-31100211
In base 4, what is 21001 + -1?
21000
In base 16, what is -12e5 + -2?
-12e7
In base 8, what is 123323 - 66?
123235
In base 8, what is 4 + 141263?
141267
In base 10, what is -289620 + 4?
-289616
In base 14, what is -4b1 + -9b?
-56c
In base 7, what is 0 + -42130?
-42130
In base 3, what is 122000110 - 1201?
121221202
In base 7, what is 11121 + 635?
12056
In base 11, what is -5 - -54735?
54730
In base 5, what is -121240111 - 0?
-121240111
In base 5, what is 1231 - 30400?
-24114
In base 9, what is -211081 + 104?
-210876
In base 7, what is -2265465 + 3?
-2265462
In base 14, what is d00 - -23d?
113d
In base 2, what is -110110 - 1111001011100?
-1111010010010
In base 6, what is 42223 + 53?
42320
In base 16, what is 2 + 67f0?
67f2
In base 4, what is -3 + 1231012?
1231003
In base 7, what is 52435 - 3?
52432
In base 10, what is 53 + 783?
836
In base 8, what is -16 + -6732?
-6750
In base 5, what is -34224442 - -3?
-34224434
In base 2, what is -10000111011001110 - 0?
-10000111011001110
In base 9, what is 58 + 2168?
2237
In base 10, what is -4 - 23911?
-23915
In base 9, what is 3104644 + 0?
3104644
In base 10, what is -3673753 + 0?
-3673753
In base 11, what is 10064 + 0?
10064
In base 7, what is 5006 - 0?
5006
In base 2, what is 1110 - 1111110010010?
-1111110000100
In base 3, what is -10220111010 - 1110?
-10220112120
In base 5, what is 30030033 + -2?
30030031
In base 14, what is 5 + 2919c?
291a3
In base 9, what is -8 - 1048?
-1057
In base 10, what is 0 + -90330?
-90330
In base 11, what is 2 + -52673?
-52671
In base 16, what is -e273a + -1?
-e273b
In base 10, what is -1250668 + 5?
-1250663
In base 12, what is 5 - 336611?
-336608
In base 4, what is -22 - 132032?
-132120
In base 4, what is 10 + -3300?
-3230
In base 12, what is -3 - 372a14?
-372a17
In base 10, what is 5 - -8749?
8754
In base 7, what is 111 + -502?
-361
In base 11, what is -17203 + -4?
-17207
In base 4, what is 22232033 - 10?
22232023
In base 13, what is -a09 + 15a?
-87c
In base 3, what is -11101 + 20202?
2101
In base 13, what is 8 + 8c87?
8c92
In base 14, what is -16cc67 + -5?
-16cc6c
In base 3, what is 2 + 120101002212?
120101002221
In base 10, what is 183 - 900?
-717
In base 7, what is -5 + -42324?
-42332
In base 6, what is -1 + 5411004?
5411003
In base 15, what is 83b14 + 0?
83b14
In base 13, what is 72996c + 2?
729971
In base 3, what is -202 + 210022?
202120
In base 9, what is 4656 + -4?
4652
In base 11, what is -61 - -10823?
10772
In base 15, what is ee9c + -5?
ee97
In base 3, what is -11 + 10121001002?
10121000221
In base 11, what is -81a05 + 2?
-81a03
In base 15, what is -21ccc5 - 5?
-21ccca
In base 13, what is 1 + -2ac04?
-2ac03
In base 2, what is 1 + -110010001011?
-110010001010
In base 2, what is 101111001111000101 - 100?
101111001111000001
In base 6, what is 15550051 - 4?
15550043
In base 15, what is -5 - -a6a5?
a6a0
In base 4, what is 2320 + -22123?
-13203
In base 4, what is -20320000 + 1?
-20313333
In base 9, what is 30648 - -10?
30658
In base 6, what is 1344 + -452?
452
In base 5, what is -100234 + -1441?
-102230
In base 14, what is -2232 - 15?
-2247
In base 10, what is 3882 - -9?
3891
In base 2, what is -111000101011011101010 - -1?
-111000101011011101001
In base 2, what is -10110110 + 10000000110000?
1111101111010
In base 12, what is 3 - -6391?
6394
In base 11, what is 265 + 78?
332
In base 6, what is 21214 + 33?
21251
In base 6, what is -2 + -223201?
-223203
In base 13, what is 59b20 + -b?
59b12
In base 2, what is 1010000011000 + 11011?
1010000110011
In base 16, what is 2a - b4?
-8a
In base 16, what is -3 + -ba5?
-ba8
In base 6, what is -1543231 + -4?
-1543235
In base 3, what is -121222012012 + -12?
-121222012101
In base 14, what is -5 - c8779?
-c8780
In base 16, what is -13d5 + 9?
-13cc
In base 11, what is 1231 + -44?
1198
In base 13, what is -7 + 15b4?
15aa
In base 7, what is 16 - 3225?
-3206
In base 3, what is 0 + 10021000002?
10021000002
In base 14, what is 12d9 - 10?
12c9
In base 11, what is -311 - -3586?
3275
In base 5, what is -3332343 + -4?
-3332402
In base 5, what is 212 - -30000?
30212
In base 15, what is -1 + -5d74?
-5d75
In base 9, what is -8 + -284085?
-284104
In base 6, what is 353510 + 5?
353515
In base 16, what is caa + -12?
c98
In base 13, what is 0 + -57c5?
-57c5
In base 9, what is -60664 + 2?
-60662
In base 10, what is 4508 - -173?
4681
In base 15, what is -2a2 - -317?
65
In base 4, what is 1 - 1011121231?
-1011121230
In base 6, what is -1105034 - -3?
-1105031
In base 7, what is 2 + -20101?
-20066
In base 10, what is -2 - 6214?
-6216
In base 